-6242. Let l(x) = 2*x - 4*x - 11717 + c. Let o be (18/15)/(1/(-5)). Determine l(o).
11
Let h(v) = -v**3 + 29*v**2 - 26*v - 53. Suppose -125 + 26 = -9*d + 153. Give h(d).
3
Let d(x) be the third derivative of -x**5/60 + x**4/8 - 7*x**3/6 + 160579*x**2. Suppose -2*w = 4*f + 2, f - 3*f - 31 = -5*w. Determine d(w).
-17
Let x = -339 + 348. Suppose 15 = -3*j, x*j - 4*j = -3*h - 43. Let u(p) = -p**3 - 7*p**2 - 4*p + 1. What is u(h)?
-11
Let j(l) = -3*l**2 + 4*l - 2. Let b(z) = -3*z**2 + 7*z - 3. Let g(t) = 3*b(t) - 5*j(t). Give g(-2).
23
Let x(z) = z**2 - z - 5. Let f be x(0). Let h(r) be the second derivative of r**4/12 + 5*r**3/6 - r**2 - 130*r + 2. Calculate h(f).
-2
Let a = 66 - 18. Let w = -43 + a. Let f(k) = -61*k + 32*k + 30*k. Determine f(w).
5
Let a = -8 + 5. Let q = -284 + 286. Let d(g) = -301*g**3 + 0 + 1 - g**q + 300*g**3 + 4*g. Calculate d(a).
7
Let u(g) be the first derivative of -2*g**3/3 - 5*g**2 + 10*g - 1346. Give u(-9).
-62
Let p(n) = 2*n**3 + 16*n**2 - 16*n - 4. Let u(q) = -4*q**3 - 29*q**2 + 31*q + 9. Let a(m) = -5*p(m) - 3*u(m). What is a(-5)?
-17
Let w(t) = -4*t**3 + t**2 + t + 1. Let z be w(-1). Suppose -6*s = -8*s + 5*l - 6, -4*s - z*l = -48. Let x(n) = n + 6. Determine x(s).
13
Let a(i) = i**3 - 13*i**2 + 15*i - 20. Let n be a(12). Let o(m) = 21*m - 15*m + n*m. Determine o(1).
22
Let v = 115 - 112. Let h(m) = 8 - 6 - m**v + 10*m**2 - 5*m**2 - 4*m**2. Determine h(2).
-2
Let s be (1/2)/(6/12). Let z = 232 - 218. Let w(y) = -z - 13 - 9 - 4*y + 35. What is w(s)?
-5
Let r(u) be the first derivative of u**4/4 + 5*u**3 - u**2 + 22*u - 642. Determine r(-15).
52
Let o be 2/3 + (-4)/6. Suppose 6*m - 475 + 511 = o. Let w(c) = c**3 + 7*c**2 - 5 + 4 + 6*c + 5. What is w(m)?
4
Let l(v) be the second derivative of 1/2*v**3 + 0 + 123*v + v**2 - 1/20*v**5 + 5/12*v**4. Suppose -10 = 3*w - 5*w. Give l(w).
17
Let u(m) = m**3 + m**2 - 2*m + 2. Suppose -10 = d - 4*s, 0 = -4*d + 17*s - 19*s - 112. Let t be (4*(-1)/d)/(2/26). Calculate u(t).
10
Let w(r) = 3*r**3 + 2*r + 1. Let d be w(-1). Let o = -80 - -86. Let z(v) = 48*v + 50*v - o - 101*v. Determine z(d).
6
Let f(n) = -6 + 0*n**2 + n**3 - 2*n**2 - 4*n**2. Let w(r) = -18*r + 3*r + 1 + 386*r**2 + 13 - 388*r**2. Let q be w(-8). Determine f(q).
-6
Let y(l) be the second derivative of 0 - 9*l - 1/60*l**5 + 0*l**2 - 1/8*l**4 - 1/3*l**3. Let i(m) be the second derivative of y(m). Determine i(-4).
5
Let h(z) be the third derivative of -z**8/2880 + z**6/720 - 7*z**5/60 + 6*z**2. Let o(u) be the third derivative of h(u). Suppose -64 = 9*w - 73. Give o(w).
-6
Let d(w) = -2 + 3*w + 2. Suppose 50 = 7*p - 9*p - 4*c, -5*p + 5*c = 95. Let h be 14/(-2) - (p + 15). Calculate d(h).
-3
Let v(a) = 4*a**2 - 2*a - 37 + 37 - a**3. Let k(m) = 148*m**2 - 148*m + 2. Let x be k(1). Give v(x).
4
Let p(q) = q**3 - 9*q**2 - 8*q + 2. Let l = 3707 + -3697. Calculate p(l).
22
Suppose 13 = -2*o + 3. Let r be -1*(-1 - -3) + -5. Let j(k) = 33*k + 17. Let m(p) = -22*p - 12. Let g(u) = o*j(u) + r*m(u). Determine g(-1).
10
Let w(h) = -39018*h**2 + 78068*h**2 - 10*h - 17 - 39051*h**2. Let j = 17 + -24. What is w(j)?
4
Let a(o) = 0 - 1 + 114*o - 111*o. Let j(l) = -l - 10. Let b be j(-14). Determine a(b).
11
Let x(u) = 3*u - 53. Let g(n) = 2*n**3 + 10*n**2 - 56*n - 64. Let s be g(-8). Give x(s).
-53
Let u = 225 - 232. Let g(f) = 2*f - 4. Let q(b) = -b + 3. Let y(i) = u*q(i) - 4*g(i). Calculate y(-5).
0
Let n(o) = 2*o + 4. Let k(x) = -x**2 + 4*x + 39. Let u be k(9). Let l be 1 - (-1 - -5) - u. Determine n(l).
10
Suppose 4*p + d + 3 = 0, -17*d + 19*d + 6 = 0. Let j(a) = 3*a + 19. Calculate j(p).
19
Let l(h) = 2*h**3 + 18*h**2 - 23. Let p be l(-8). Let v(u) = 9 - 191*u + p*u + 93*u + u**2. Calculate v(-6).
3
Let p(b) be the second derivative of -2*b - b**3 + 0 - b**2 - 1/3*b**4 + 1/20*b**5. Let z be ((-60)/(-2))/(-3) + (-230 - -245). Determine p(z).
-7
Let w(h) be the second derivative of 0 + 1/12*h**4 + 1/3*h**3 - 2*h**2 + 31*h. Calculate w(-4).
4
Let i(d) = -2*d**2 - 7*d + 19. Let w = -22424 - -22426. Calculate i(w).
-3
Let j(k) = -77463209*k**3 - 184 + 77463208*k**3 - 8*k**2 + 27*k**2 + 51*k. Determine j(21).
5
Let a(k) = -k**3 - 4*k**2 + k + 3. Suppose 5*o + 4*q + 155 = -0*q, 15 = -3*q. Let j be o/7 + ((-12)/(-42))/(-2). What is a(j)?
-1
Let w(s) = -7*s**2. Suppose 6*c = c + 12*c. Let v(f) = -3*f**3 + f**2 + 2*f - 1. Let q be v(c). Determine w(q).
-7
Let t(w) be the first derivative of 29*w**5/120 + w**4/24 + 2*w**3 - 10. Let a(i) be the third derivative of t(i). What is a(-1)?
-28
Let n = 306 + -97. Let m = n - 216. Let g(z) = 4*z**3 + 6*z**2 - 2*z + 5. Let d(l) = -l**3 - l. Let i(f) = 3*d(f) + g(f). What is i(m)?
-9
Let n be 8/(-144)*-9 - (-10)/4. Suppose 2*i + 41 = -3*i - 4*z, -n*i - 19 = z. Let o(r) = r. Let k(c) = 4*c + 3. Let y(q) = k(q) - 2*o(q). What is y(i)?
-7
Suppose 219*r + 120 = 231*r. Let z(v) = -3*v**2 + 31*v - 18. Give z(r).
-8
Let f(j) = -15*j + 295. Let l = 39 + -19. What is f(l)?
-5
Let k = -4508 - -4509. Let x(p) = 42*p**2. Calculate x(k).
42
Let t(c) = c**3 - 37*c**2 + 71*c + 30. Let x be t(35). Suppose -x*a = -68*a + 36. Let k(z) = -z**2 + 11*z + 5. Calculate k(a).
-7
Let v(g) = 4*g + 9. Suppose -5*b + 25 = 0, 22*n = 23*n - 5*b + 22. Calculate v(n).
21
Let a(f) = -2*f**2 + 7*f. Let v(w) = w**2 - 7*w. Let t(u) = 2*a(u) + 3*v(u). Let q be -5 + (-10 - (-30)/3). Determine t(q).
10
Let l(w) = w**3 - w + 4. Let b(g) = 2*g + 5. Let p be b(6). Let s(t) = -36 + 22 + p + t**2 + 4*t - 5*t. Let i(q) = 2*l(q) - 3*s(q). Determine i(2).
5
Let u = -6491 - -6487. Let x(b) = -6*b + 29. Determine x(u).
53
Let m(b) = -1 + 34*b - 1 + 34*b - 103*b + 38*b. Calculate m(-1).
-5
Suppose -52*c - 66*c = 28*c. Let s(f) = -f**3 + f**2 - 4*f - 9. What is s(c)?
-9
Suppose 22*b + 94 = -92*b + 322. Let l(q) = -111*q + 225. What is l(b)?
3
Let c(g) = g - 29. Let s = 212 + -204. What is c(s)?
-21
Let r(a) = -a - 10. Let y(v) = 37*v + 554. Let f be y(-15). Calculate r(f).
-9
Suppose 3*i = 11 + 49. Let r = 157 - 157. Suppose r = -9*x - i - 7. Let d(t) = -4*t + 3. What is d(x)?
15
Let y(p) = 85*p + 5687. Let n be y(-67). Let b(g) = g**2 + 7*g + 12. Calculate b(n).
20
Let g(n) = -5*n**3 - 16*n**2 - 4*n - 5. Let p be g(-3). Let q(a) = -a**3 - a - 2. Let s(c) = -c**2 - c + 1. Let z(j) = q(j) + 2*s(j). Determine z(p).
6
Suppose -d = b - 24, 72 = 3*b + 14*d - 9*d. Suppose 23*v - 35*v + b = 0. Let n(l) = 2*l. Give n(v).
4
Let q(m) = -m**3 - m**2 - 6*m - 5. Let y(i) = 4*i**3 + 4*i**2 + 15*i + 16. Let t(r) = 7*q(r) + 2*y(r). Calculate t(3).
-3
Let i(d) = d**3 - 5*d**2 - 3*d + 3. Let q = -5762 - -5768. What is i(q)?
21
Let g(s) be the third derivative of -s**4/8 + 17*s**3/6 - 687*s**2. Calculate g(8).
-7
Suppose 0 = -18*o + 31119 - 8097. Let f(g) = g**3 + 1281 + g - 3*g**2 - 5*g**2 - o. Calculate f(8).
10
Let j(d) = 2*d**2 - 7*d - 7. Let z(p) = 7*p**2 - 20*p - 20. Let x = -11 + 5. Let c(y) = x*z(y) + 17*j(y). Let g be -5*2/2*-46*(-51)/11730. Determine c(g).
-8
Let k(r) = -5*r**3 - r**2 + r + 1. Let q(i) = 51*i**3 + 7*i**2 - 26*i + 35. Let u(j) = 10*k(j) + q(j). Give u(4).
-3
Let j(f) = 33 + 1228*f**2 - 1227*f**2 - 3*f - 21 - 6*f - 6*f. Give j(14).
-2
Suppose 28 = 7*h - 3*h. Let n = -51 - -53. Let v(m) = -9 - m + 0 + n*m. What is v(h)?
-2
Let g(o) = -4*o**2 + 3 - 1 + 3*o**2. Let m(n) = 3246*n - 45442. Let q be m(14). Give g(q).
-2
Let h(z) be the second derivative of z**5/20 - z**4/24 - z**3/3 - 125*z**2 - 122*z. Let p(y) be the first derivative of h(y). Determine p(-1).
2
Let b(d) = 3*d**3 + 23*d**2 + 33*d - 13. Let j(f) = 2*f**3 + 12*f**2 + 17*f - 6. Let t(o) = 3*b(o) - 5*j(o). Give t(11).
-97
Let h(c) = c**3 - 6*c**2 + 6*c - 6. Let u be h(5). Let g(w) = -150*w - 172. Let t(x) = -248*x - 287. Let v(l) = -5*g(l) + 3*t(l). Determine v(u).
-7
Let d(v) = 21 - 3*v**2 + 20*v - 8 - 8*v + 4*v**2. Let q be d(-10). Let k(m) = m**3 + 6*m**2 - 4*m + 10. Determine k(q).
-11
Let o(u) = 8*u**3 + 131 + 7*u**3 - 63 - 66 + 3*u. Calculate o(-1).
-16
Let y(k) = k**3 - 4*k**2 + 18*k - 93. Let p be y(5). Let j(s) = -s + 50. Calculate j(p).
28
Let u = -324 - -337. Let p be -1 + u + -6 - -1. Let a(s) = s**3 - 9*s**2 + 15*s - 1. Determine a(p).
6
Let f(v) = 20*v - 3. Let m(r) = -73*r + 13. Let u(c) = 11*f(c) + 3*m(c). Give u(-18).
-12
Let k(d) be the second derivative of 1/20*d**5